.
-9b
2 (base 10) to base 6
2
-11 (base 2) to base 13
-3
-301 (base 6) to base 5
-414
-1110011 (base 2) to base 9
-137
What is -3 (base 5) in base 15?
-3
167 (base 11) to base 2
11000010
-221 (base 3) to base 2
-11001
-25 (base 16) to base 5
-122
Convert 60 (base 15) to base 6.
230
10 (base 13) to base 16
d
What is -4 (base 5) in base 9?
-4
What is -125 (base 8) in base 7?
-151
-15 (base 12) to base 11
-16
-34 (base 5) to base 12
-17
What is 34 (base 14) in base 12?
3a
What is 3 (base 5) in base 15?
3
4 (base 13) to base 2
100
Convert -10 (base 4) to base 10.
-4
Convert 0 (base 15) to base 13.
0
Convert 4 (base 13) to base 2.
100
2 (base 5) to base 9
2
-2 (base 7) to base 6
-2
What is -4a (base 14) in base 6?
-150
63 (base 7) to base 14
33
-20 (base 5) to base 2
-1010
-105 (base 8) to base 3
-2120
-30 (base 4) to base 14
-c
Convert 201 (base 3) to base 8.
23
What is -21 (base 5) in base 10?
-11
What is 10 (base 11) in base 6?
15
123 (base 4) to base 13
21
-21 (base 3) to base 15
-7
Convert 23 (base 8) to base 9.
21
What is 7 (base 16) in base 6?
11
What is 2 (base 4) in base 3?
2
What is 12 (base 11) in base 13?
10
212 (base 7) to base 14
79
Convert -82 (base 9) to base 11.
-68
9 (base 10) to base 14
9
What is 11 (base 7) in base 9?
8
Convert 21 (base 11) to base 4.
113
Convert 3 (base 7) to base 14.
3
Convert -16 (base 8) to base 7.
-20
Convert 26 (base 9) to base 15.
19
101 (base 4) to base 2
10001
What is -13 (base 6) in base 11?
-9
Convert -33 (base 6) to base 14.
-17
-15 (base 16) to base 4
-111
Convert -56 (base 7) to base 12.
-35
Convert 33 (base 5) to base 7.
24
259 (base 10) to base 6
1111
Convert -79 (base 11) to base 14.
-62
Convert -3331 (base 4) to base 8.
-375
-103 (base 7) to base 3
-1221
What is -30 (base 4) in base 8?
-14
48 (base 13) to base 2
111100
What is -10 (base 3) in base 11?
-3
-12 (base 9) to base 2
-1011
-21 (base 4) to base 6
-13
Convert -2 (base 12) to base 7.
-2
1 (base 14) to base 10
1
-1 (base 14) to base 4
-1
What is 3 (base 11) in base 3?
10
1011000 (base 2) to base 9
107
Convert -16 (base 14) to base 5.
-40
Convert 2 (base 12) to base 2.
10
Convert 430 (base 5) to base 12.
97
-14 (base 5) to base 11
-9
What is -2 (base 6) in base 8?
-2
-56 (base 8) to base 6
-114
Convert -11100 (base 2) to base 12.
-24
-55 (base 11) to base 14
-44
46 (base 11) to base 3
1212
3 (base 12) to base 3
10
What is -3 (base 13) in base 16?
-3
Convert -441 (base 9) to base 10.
-361
Convert -23 (base 11) to base 4.
-121
-13 (base 9) to base 14
-c
10 (base 8) to base 3
22
What is 42 (base 15) in base 3?
2022
Convert -47 (base 13) to base 6.
-135
What is 211 (base 10) in base 12?
157
Convert 11 (base 2) to base 12.
3
101000 (base 2) to base 11
37
-3 (base 11) to base 10
-3
Convert 5 (base 8) to base 5.
10
Convert -c7 (base 14) to base 15.
-ba
Convert 10 (base 2) to base 6.
2
-10 (base 6) to base 5
-11
Convert -1 (base 5) to base 8.
-1
25 (base 15) to base 9
38
What is -30 (base 5) in base 12?
-13
-201 (base 5) to base 6
-123
What is 5 (base 15) in base 4?
11
Convert -3 (base 10) to base 11.
-3
Convert -1101010 (base 2) to base 12.
-8a
42 (base 16) to base 13
51
-1a (base 15) to base 11
-23
113 (base 5) to base 4
201
Convert -2 (base 9) to base 14.
-2
5 (base 16) to base 7
5
Convert -2120 (base 3) to base 4.
-1011
What is -1 (base 2) in base 5?
-1
Convert -32 (base 4) to base 15.
-e
Convert 2 (base 6) to base 16.
2
Convert 45 (base 11) to base 12.
41
Convert 20 (base 9) to base 12.
16
Convert 1000001 (base 2) to base 7.
122
Convert 3 (base 10) to base 9.
3
Convert 0 (base 8) to base 13.
0
What is -a (base 12) in base 13?
-a
Convert -18 (base 11) to base 15.
-14
-12 (base 4) to base 10
-6
Convert -40 (base 11) to base 13.
-35
6 (base 8) to base 4
12
Convert -3 (base 8) to base 3.
-10
What is -4 (base 11) in base 9?
-4
Convert 0 (base 12) to base 6.
0
Convert -100 (base 2) to base 16.
-4
Convert 112 (base 7) to base 3.
2011
Convert 4 (base 8) to base 6.
4
What is -5 (base 13) in base 2?
-101
-2a (base 13) to base 16
-24
-13 (base 9) to base 13
-c
1 (base 16) to base 5
1
Convert 3 (base 7) to base 8.
3
-220 (base 3) to base 10
-24
-12 (base 7) to base 4
-21
What is 12 (base 7) in base 9?
10
Convert -56 (base 15) to base 14.
-5b
14 (base 6) to base 4
22
What is -4 (base 15) in base 2?
-100
Convert 1b (base 16) to base 11.
25
What is -3 (base 6) in base 13?
-3
What is 0 (base 7) in base 6?
0
Convert -1 (base 16) to base 2.
-1
What is 2b (base 14) in base 9?
43
Convert -1 (base 14) to base 2.
-1
77 (base 8) to base 14
47
What is -100100101 (base 2) in base 4?
-10211
What is -124 (base 6) in base 3?
-1221
Convert -21 (base 8) to base 4.
-101
Convert -6 (base 15) to base 8.
-6
Convert -303 (base 4) to base 8.
-63
What is -3 (base 8) in base 2?
-11
73 (base 13) to base 12
7a
1000110 (base 2) to base 13
55
What is 1020 (base 3) in base 13?
27
-18 (base 13) to base 8
-25
Convert -17 (base 9) to base 6.
-24
What is -8 (base 16) in base 12?
-8
-100110 (base 2) to base 7
-53
Convert -5 (base 11) to base 15.
-5
Convert 12 (base 5) to base 2.
111
What is 3 (base 12) in base 5?
3
What is 72 (base 10) in base 15?
4c
What is -154 (base 8) in base 4?
-1230
What is -11 (base 12) in base 13?
-10
What is -125 (base 9) in base 8?
-150
Convert -21 (base 11) to base 16.
-17
What is -1 (base 4) in base 10?
-1
-11011 (base 2) to base 10
-27
Convert 12 (base 11) to base 13.
10
Convert 3 (base 14) to base 6.
3
Convert 32 (base 11) to base 3.
1022
What is 4 (base 5) in base 8?
4
-1 (base 3) to base 9
-1
What is 1 (base 6) in base 16?
1
What is 10000010 (base 2) in base 4?
2002
Convert 1010111 (base 2) to base 8.
127
-40 (base 6) to base 16
-18
What is 36 (base 7) in base 4?
123
What is 3 (base 12) in base 5?
3
What is -5 (base 14) in base 9?
-5
3 (base 12) to base 13
3
Convert -108 (base 11) to base 2.
-10000001
What is 11211 (base 3) in base 4?
2002
Convert -1 (base 6) to base 15.
-1
Convert 69 (base 13) to base 8.
127
Convert 133 (base 9) to base 15.
76
What is 87 (base 14) in base 9?
142
What is -343 (base 6) in base 8?
-207
5 (base 9) to base 6
5
10 (base 2) to base 8
2
What is 2 (base 16) in base 4?
2
Convert -1 (base 3) to base 2.
-1
Convert 107 (base 10) to base 3.
10222
What is -3 (base 5) in base 3?
-10
Convert -2 (base 4) to base 8.
-2
Convert -2 (base 14) to base 9.
-2
152 (base 6) to base 4
1010
169 (base 12) to base 2
11100001
Convert 10 (base 2) to base 11.
2
What is -16 (base 12) in base 11?
-17
What is 153 (base 9) in base 3?
11210
What is 3 (base 7) in base 4?
3
What is a8 (base 11) in base 16?
76
What is -15 (base 9) in base 4?
-32
What is -4 (base 15) in base 4?
-10
Convert -3 (base 14) to base 11.
-3
Convert 5 (base 8) to base 12.
5
0 (base 6) to base 15
0
What is -2 (base 4) in base 2?
-10
133 (base 13) to base 2
11010011
What is 4 (base 11) in base 15?
4
What is -3 (base 9) in base 5?
-3
What is 205 (base 8) in base 11?
111
Convert -33 (base 6) to base 12.
-19
Convert 30 (base 13) to base 4.
213
Convert -11 (base 3) to base 16.
-4
What is -3101 (base 5) in base 7?
-1112
Convert -1 (base 4) to base 13.
-1
-16 (base 11) to base 6
-25
Convert 130 (base 5) to base 12.
34
What is -4e (base 16) in base 12?
-66
Convert -5 (base 16) to base 3.
-12
Convert 2 (base 8) to base 9.
2
-111 (base 2) to base 5
-12
What is -2 (base 7) in base 11?
-2
What is -221 (base 3) in base 2?
-11001
What is -8 (base 10) in base 14?
-8
Convert 11 (base 5) to base 4.
12
What is 3 (base 5) in base 10?
3
Convert -312 (base 8) to base 6.
-534
13 (base 13) to base 16
10
Convert 2 (base 14) to base 13.
2
18 (base 11) to base 10
19
10111 (base 2) to base 16
17
-1132 (base 4) to base 8
-136
Convert -213 (base 7) to base 15.
-73
Convert 46 (base 14) to base 6.
142
What is -2301 (base 4) in base 10?
-177
Convert -11 (base 13) to base 6.
-22
Convert 111 (base 6) to base 12.
37
20 (base 8) to base 13
13
Convert 101 (base 4) to base 15.
12
24 (base 15) to base 12
2a
Convert 47 (base 9) to base 13.
34
35 (base 9) to base 13
26
-24 (base 6) to base 11
-15
Convert -34 (base 5) to base 15.
-14
What is -a (base 15) in base 12?
-a
Convert -101 (base 6) to base 14.
-29
-1 (base 14) to base 11
-1
Convert 4 (base 10) to base 16.
4
304 (base 7) to base 11
128
0 (base 12) to base 5
0
-4 (base 